te a(162).
-6693
Let t(w) = -w**2 + 55482*w + 221954. Give t(-4).
10
Let z(a) = 4*a**3 - 63*a**2 - 180*a - 5. What is z(-3)?
-140
Let l(w) = -4024*w - 92568. Determine l(-23).
-16
Let l(p) = 127809*p - 12. Determine l(0).
-12
Let r(s) = 533*s**3 - 3736*s**2 + 25*s + 20. Determine r(7).
-50
Let m(o) = 54194*o + 270988. Determine m(-5).
18
Let m(b) = 2*b**2 - 3633*b + 32580. Give m(9).
45
Let a(n) = n**2 - 16297*n + 1313490. Calculate a(81).
-6
Let j(h) = -2*h**3 + 45*h**2 + 1661*h - 38123. Give j(24).
13
Let w(s) = -1362*s - 21810. Calculate w(-16).
-18
Let x(i) = -1575*i - 127609. Give x(-81).
-34
Let d(v) = -v**3 + 91*v**2 + 106*v - 1398. Give d(92).
-110
Let h(y) = y**2 - 105*y + 856. Determine h(9).
-8
Let j(b) = -735*b - 3117. Determine j(-4).
-177
Let a(y) = -y**3 + 7586*y**2 + 205552*y + 28. Calculate a(-27).
1
Let u(k) = 2*k**2 - 14078*k - 1110384. Calculate u(-78).
-132
Let g(c) = 64*c**2 - 65258*c - 22415. Calculate g(1020).
25
Let i(z) = -190*z**2 + 27*z - 12. What is i(2)?
-718
Let k(n) = -65*n + 1932. What is k(18)?
762
Let v(u) = 87*u**2 + 45678*u + 1599. Calculate v(-525).
24
Let c(b) = -84*b**2 + 2522*b - 56. What is c(30)?
4
Let r(b) = -b**2 + 2592*b - 69434. What is r(27)?
-179
Let t(g) = 29*g**2 - 42*g - 230. What is t(-4)?
402
Let j(k) = -686*k - 11026. Determine j(-16).
-50
Let s(w) = w**3 + 34*w**2 + 13*w - 911. Calculate s(-27).
3841
Let p(h) = 1740*h + 307994. What is p(-177)?
14
Let c(k) = 25*k**2 - 198*k + 2183. Calculate c(10).
2703
Let z(j) = -267*j + 6772. Calculate z(24).
364
Let d(f) = 2*f**2 - 4346*f + 245381. Calculate d(58).
41
Let r(z) = 1820*z + 34621. What is r(-19)?
41
Let g(r) = -r**2 - 54*r + 49. Give g(-36).
697
Let b(c) = -6456*c - 38484. Give b(-6).
252
Let a(r) = 28*r**3 - 7*r**2 + 10*r - 5. Calculate a(1).
26
Let g(s) = s**3 + 524*s**2 + 5684*s + 21113. Give g(-513).
80
Let k(s) = 1182*s - 42553. What is k(36)?
-1
Let o(x) = -1678018*x - 25170262. Determine o(-15).
8
Let f(v) = -118445*v - 1421336. Determine f(-12).
4
Let c(x) = -23843*x - 667735. What is c(-28)?
-131
Let p(s) = 158*s**2 - 5364*s - 231. Calculate p(34).
41
Let m(j) = 72*j**2 + 27650*j + 761. Determine m(-384).
-7
Let t(v) = -v**2 + 5430*v - 306309. Determine t(57).
-48
Let g(l) = l**3 + 37*l**2 - 109*l - 4997. What is g(-36)?
223
Let u(r) = -180*r - 7206. Give u(-39).
-186
Let l(y) = 16*y**3 + 26*y**2 - 39*y - 1008. Determine l(-5).
-2163
Let l(m) = -3*m**3 - 17*m**2 - 19*m + 21. What is l(-4)?
17
Let p(c) = -c**3 + 8*c**2 + 75*c + 109. Determine p(19).
-2437
Let u(h) = h**2 - 13599*h + 176654. Give u(13).
36
Let l(q) = -5336*q - 48058. Calculate l(-9).
-34
Let t(s) = -3*s**2 - 21*s + 863. Determine t(12).
179
Let y(w) = -30561*w + 825051. Give y(27).
-96
Let c(x) = -2*x**3 - 118*x**2 - 105*x + 662. What is c(-58)?
24
Let i(q) = q**3 + 178*q**2 + 2466*q + 7. Calculate i(-15).
-308
Let l(j) = 168*j**2 - 538*j + 128. Give l(3).
26
Let l(r) = -47*r - 1561. Give l(-27).
-292
Let n(q) = 90*q**2 + 164*q + 93. Determine n(-2).
125
Let y(q) = -4432*q + 17715. Determine y(4).
-13
Let s(y) = -y**2 + 4523*y - 63131. Give s(14).
-5
Let q(o) = -15*o**2 + 124277*o - 372831. Determine q(3).
-135
Let h(y) = y**3 - 205*y**2 - 562*y - 102228. Calculate h(210).
252
Let d(y) = -3*y**3 - 9*y**2 + 280*y + 1579. Determine d(-6).
223
Let g(a) = a**3 + 25*a**2 + 218*a + 602. Determine g(-10).
-78
Let s(v) = v**3 + 33*v**2 - 382*v - 4660. What is s(-8)?
-4
Let m(k) = -k**3 - 71*k**2 - 276*k - 146. Determine m(-67).
390
Let k(o) = -3*o**2 + 9333*o - 121177. Determine k(13).
-355
Let f(t) = -13*t**2 + 59*t + 754. What is f(-11)?
-1468
Let s(h) = -5957*h + 315374. Determine s(53).
-347
Let f(r) = 16730*r - 16720. Give f(1).
10
Let x(r) = 5*r**2 - 87*r + 1271. Determine x(17).
1237
Let p(l) = 3*l**2 + 71*l + 77. Determine p(-38).
1711
Let w(r) = 10*r**3 - 427*r**2 - 127*r - 174. Calculate w(43).
-88
Let h(b) = -9226*b + 92409. Give h(10).
149
Let y(b) = 3246*b + 12371. Calculate y(-4).
-613
Let l(f) = -12*f**2 + 245*f + 1903. Give l(-6).
1
Let d(x) = 5376*x - 107582. Calculate d(20).
-62
Let u(j) = -1940651*j + 19406504. Determine u(10).
-6
Let a(s) = 3*s**3 + 319*s**2 - 248*s - 3331. What is a(-107)?
307
Let s(w) = w**3 + 20*w**2 + 290*w + 5143. Determine s(-19).
-6
Let y(w) = 44439*w**2 + 19375407*w + 1306. Give y(-436).
-2
Let x(u) = 5*u**2 - 351*u - 7950. Determine x(-18).
-12
Let j(v) = v**3 + 71*v**2 - 225*v - 275. What is j(-74)?
-53
Let v(h) = 643*h**2 + 652*h - 1. Give v(-1).
-10
Let k(l) = 19*l**2 + 2114*l - 4. Give k(0).
-4
Let h(j) = -9075*j - 108894. Determine h(-12).
6
Let c(r) = 27*r**2 + 4063*r + 9925. What is c(-148)?
9
Let c(m) = -103692*m - 311016. Determine c(-3).
60
Let l(b) = 3102*b - 353633. What is l(114)?
-5
Let s(o) = -2*o**3 + 316*o**2 + 544*o - 86027. Calculate s(158).
-75
Let k(i) = -3*i**3 + 128*i**2 + 620*i - 429. What is k(47)?
-6
Let x(a) = 10*a - 510. Determine x(-21).
-720
Let o(t) = 223*t**2 - 11586*t - 499. Give o(52).
21
Let g(u) = 1316*u + 64553. Determine g(-49).
69
Let b(i) = -361*i - 92. Give b(-2).
630
Let w(j) = j**2 - 3131*j + 43640. Determine w(14).
2
Let w(b) = -841*b + 19872. Calculate w(22).
1370
Let n(h) = 99*h - 19928. Give n(191).
-1019
Let u(p) = p**3 - 889*p**2 + 7*p - 6218. Calculate u(889).
5
Let i(p) = -1414*p - 1154. Determine i(-1).
260
Let n(t) = 18*t**2 - 1006*t - 6655. Give n(-6).
29
Let v(s) = -1572*s + 7731. Give v(5).
-129
Let u(c) = -1080*c - 21138. Determine u(-22).
2622
Let c(i) = -6*i**3 - 143*i**2 - 284*i - 7364. What is c(-24)?
28
Let k(y) = 806*y + 1584. Give k(-2).
-28
Let z(d) = -597*d + 1442. Determine z(4).
-946
Let u(x) = x**2 + 958*x - 41374. Determine u(41).
-415
Let v(o) = -274*o**2 - 2248*o + 1954. Determine v(-9).
-8
Let y(r) = 5*r**2 + 235*r + 2650. Calculate y(-19).
-10
Let c(k) = 82*k**3 + 573*k**2 - 6*k + 21. Calculate c(-7).
14
Let x(u) = 86*u + 19074. Determine x(-213).
756
Let x(n) = 861*n + 281. What is x(-1)?
-580
Let f(o) = -o**2 - 155974*o + 779904. What is f(5)?
9
Let s(x) = -2*x**2 + 412*x - 2805. Calculate s(7).
-19
Let u(m) = -11813*m**2 - 129941*m + 25. Determine u(-11).
3
Let k(f) = 9*f**3 - 56*f**2 + 138*f - 93. Determine k(2).
31
Let l(i) = 19*i**2 + 31*i - 46. Determine l(-2).
-32
Let j(t) = -3686*t + 42908. Calculate j(12).
-1324
Let i(q) = 10*q**3 + 29*q**2 - 367*q - 1439. Determine i(-4).
-147
Let p(k) = 2*k**3 - 72*k**2 - 207*k + 2157. Determine p(38).
67
Let u(j) = -12*j**2 + 146*j - 239. Calculate u(10).
21
Let b(n) = 3*n**2 + 928*n - 14101. Determine b(15).
494
Let h(f) = 41727*f + 1168446. Give h(-28).
90
Let h(k) = 202598*k + 19651996. Calculate h(-97).
-10
Let f(m) = 3821*m + 79908. What is f(-21)?
-333
Let y(p) = -6*p**2 - 2357*p - 29275. Determine y(-380).
-15
Let x(m) = -66417*m - 2058934. Calculate x(-31).
-7
Let t(x) = -843*x - 2524. Give t(-3).
5
Let l(x) = -x**2 - 103*x - 1197. Determine l(-86).
265
Let m(t) = -20*t**3 + 4*t**2 + 201*t + 588. Give m(-3).
561
Let g(k) = -2*k**3 - 110*k**2 - 967*k + 17. Calculate g(-11).
6
Let t(u) = -528*u**2 - 1562*u + 49. What is t(-3)?
-17
Let o(g) = -46*g**2 - 2843*g + 556. Calculate o(-62).
-2
Let c(m) = -3*m**3 - 185*m**2 + 1064*m - 525. Determine c(-67).
11
Let x(d) = -d**2 + 112*d + 140. Calculate x(120).
-820
Let p(v) = 2*v**2 + 2821*v + 14094. What is p(-5)?
39
Let d(j) = 2*j**3 - 192*j**2 + 2317*j - 1604. Calculate d(82).
118
Let p(s) = -s**2 - 1408*s + 1712585. What is p(782)?
5
Let a(n) = -13667*n - 1817675. Calculate a(-133).
36
Let p(k) = 5*k**2 + 3063*k - 71115. Calculate p(-635).
5
Let f(i) = -58*i**3 - 238*i**2 - 59*i - 142. Give f(-4).
-2
Let q(f) = 14036*f - 126336. What is q(9)?
-12
Let u(x) = -22*x**2 - 236*x + 946. Calculate u(4).
-350
Let o(n) = -262025*n - 5502525. What is o(-21)?
0
Let q(a) = 16*a**3 + 97*a**2 - 83*a - 510. What is q(-6)?
24
Let x(t) = 530891*t + 3716275. What is x(-7)?
38
Let r(d) = -100*d**2 - 1228*d - 2443. Give r(-2).
-387
Let a(x) = -125*x - 178. Calculate a(12).
-1678
Let m(r) = 614*r**2 - 173*r - 8. Calculate m(0).
-8
Let r(m) = -2*m**2 + 53*m + 1457. What is r(46)?
-337
Let k(l) = -17618*l - 193775. Calculate k(-11).
23
Let n(t) = -26*t**2 + 881*t - 38. Determine n(34).
-140
Let u(n) = -51*n**2 - 100*n - 524. Determine u(-5).
-1299
Let h(d) = 6*d**2 - 81*d - 